ide 373924?
False
Is 9 a factor of 430726?
False
Does 1165 divide 11378555?
True
Does 90 divide 10909980?
True
Is 44 a factor of 4485735?
False
Is 56 a factor of 483504?
True
Is 145 a factor of 2015355?
True
Does 230 divide 2557370?
True
Does 1193 divide 4590053?
False
Is 103227 a multiple of 98?
False
Does 19 divide 4391052?
True
Is 984487 a multiple of 9?
False
Is 230220 a multiple of 90?
True
Is 180 a factor of 2761020?
True
Is 356 a factor of 120328?
True
Is 20 a factor of 1251100?
True
Does 22 divide 57574?
True
Does 11 divide 9169414?
False
Is 15015 a multiple of 5?
True
Is 87 a factor of 208278?
True
Is 113424 a multiple of 24?
True
Is 30 a factor of 305605?
False
Is 78 a factor of 2742949?
False
Is 84724 a multiple of 47?
False
Is 1523889 a multiple of 166?
False
Does 32 divide 2547904?
True
Is 3842078 a multiple of 39?
False
Does 116 divide 550420?
True
Does 91 divide 13389558?
True
Is 829206 a multiple of 63?
True
Is 285 a factor of 176040?
False
Is 100609 a multiple of 5?
False
Is 6 a factor of 86939?
False
Does 176 divide 45408?
True
Does 34 divide 43520?
True
Is 9 a factor of 102242?
False
Is 543 a factor of 316463?
False
Does 20 divide 2550960?
True
Does 9 divide 462852?
True
Does 7 divide 2009?
True
Is 91 a factor of 29211?
True
Does 335 divide 2285721?
False
Is 1350972 a multiple of 12?
True
Is 47 a factor of 4707332?
True
Does 20 divide 141423?
False
Does 13 divide 4563?
True
Is 12 a factor of 34876508?
False
Is 22401 a multiple of 9?
True
Does 96 divide 6637850?
False
Does 26 divide 1270802?
True
Is 83076 a multiple of 97?
False
Does 53 divide 132396?
False
Is 12 a factor of 21843?
False
Is 4798015 a multiple of 8?
False
Is 40 a factor of 1717920?
True
Does 312 divide 686088?
True
Does 44 divide 9256635?
False
Is 1026911 a multiple of 97?
False
Is 6831 a multiple of 7?
False
Is 94026 a multiple of 80?
False
Does 5 divide 63709?
False
Is 26514699 a multiple of 69?
True
Is 98968 a multiple of 5?
False
Is 259972 a multiple of 451?
False
Is 609376 a multiple of 281?
False
Does 5 divide 498155?
True
Does 3 divide 1041375?
True
Is 379 a factor of 1213179?
True
Does 17 divide 1906167?
False
Is 1682276 a multiple of 21?
False
Does 135 divide 243128?
False
Is 227 a factor of 508026?
True
Is 2744959 a multiple of 105?
False
Is 348984 a multiple of 246?
False
Is 92231 a multiple of 619?
True
Is 3405216 a multiple of 79?
True
Is 9 a factor of 6720?
False
Is 5 a factor of 127859?
False
Does 8 divide 90148?
False
Is 13 a factor of 19474?
True
Is 1200128 a multiple of 293?
True
Does 11 divide 229313?
False
Does 30 divide 536533?
False
Is 320330 a multiple of 10?
True
Is 12 a factor of 123740?
False
Does 375 divide 466644?
False
Is 308946 a multiple of 47?
False
Is 335084 a multiple of 173?
False
Is 100 a factor of 84200?
True
Is 643 a factor of 2632269?
False
Does 68 divide 28338?
False
Does 25 divide 3174023?
False
Is 30726990 a multiple of 906?
True
Is 215 a factor of 2136801?
False
Does 7 divide 155284?
False
Is 12 a factor of 21823103?
False
Is 395496 a multiple of 9?
True
Is 101 a factor of 6784118?
False
Does 478 divide 137993?
False
Is 7467801 a multiple of 108?
False
Is 14500 a multiple of 20?
True
Is 16473 a multiple of 21?
False
Is 4457740 a multiple of 68?
True
Is 3953433 a multiple of 33?
True
Is 1255653 a multiple of 73?
False
Is 33 a factor of 101129?
False
Is 101051 a multiple of 58?
False
Is 12 a factor of 7793190?
False
Is 15 a factor of 4275399?
False
Does 163 divide 13854663?
False
Does 23 divide 169847?
False
Is 280917 a multiple of 273?
True
Does 34 divide 75684?
True
Does 29 divide 18093158?
True
Is 51 a factor of 636633?
True
Does 11 divide 1371888?
False
Does 11 divide 107147?
False
Is 53392 a multiple of 188?
True
Is 28 a factor of 33656?
True
Is 630 a factor of 3423316?
False
Does 17 divide 277797?
True
Is 3701096 a multiple of 69?
False
Does 200 divide 2173000?
True
Is 732011 a multiple of 264?
False
Is 99840 a multiple of 320?
True
Is 182964 a multiple of 6?
True
Is 2133725 a multiple of 55?
True
Is 597461 a multiple of 229?
True
Does 102 divide 236859?
False
Is 33 a factor of 803253?
True
Is 22 a factor of 6059856?
True
Is 447792 a multiple of 19?
True
Is 47647 a multiple of 5?
False
Does 14 divide 1949786?
False
Is 144 a factor of 8138160?
True
Is 1098585 a multiple of 760?
False
Does 904 divide 864321?
False
Does 95 divide 692911?
False
Is 198750 a multiple of 318?
True
Does 57 divide 10545912?
True
Is 799153 a multiple of 27?
False
Does 270 divide 261630?
True
Is 1305810 a multiple of 99?
True
Is 15 a factor of 864117?
False
Is 29 a factor of 508573?
True
Is 170267 a multiple of 75?
False
Is 25563 even?
False
Is 445217 a multiple of 2?
False
Is 458430 a multiple of 185?
True
Is 13 a factor of 7017594?
False
Does 22 divide 613261?
False
Is 208890 a multiple of 9?
True
Is 8 a factor of 4270651?
False
Does 33 divide 373735?
False
Is 192588 a multiple of 44?
True
Is 4143096 a multiple of 18?
True
Does 13 divide 610412?
False
Is 36 a factor of 1454465?
False
Is 419 a factor of 23464?
True
Does 17 divide 188722?
False
Does 721 divide 7843038?
True
Is 15 a factor of 1385082?
False
Does 48 divide 923547?
False
Does 44 divide 2836527?
False
Does 603 divide 4705812?
True
Is 17 a factor of 2547705?
True
Is 36 a factor of 829430?
False
Does 70 divide 3456110?
True
Is 777 a factor of 10912965?
True
Is 6 a factor of 245706?
True
Is 115 a factor of 610420?
True
Is 1275600 a multiple of 30?
True
Is 856366 a multiple of 111?
False
Does 7 divide 191148?
False
Is 221707 a multiple of 12?
False
Is 812682 a multiple of 598?
True
Does 1162 divide 8953351?
False
Is 14 a factor of 4412296?
True
Does 3 divide 21509?
False
Does 610 divide 1960540?
True
Is 562 a factor of 207378?
True
Is 7 a factor of 96425?
True
Does 314 divide 268414?
False
Does 15 divide 418024?
False
Does 36 divide 863288?
False
Does 38 divide 1698714?
True
Does 121 divide 93291?
True
Is 4717848 a multiple of 318?
True
Does 457 divide 1141378?
False
Does 65 divide 266955?
True
Does 147 divide 215897?
False
Is 1069251 a multiple of 321?
True
Is 159808 a multiple of 44?
True
Is 337952 a multiple of 236?
True
Is 282935 a multiple of 71?
True
Does 74 divide 323750?
True
Is 11 a factor of 133408?
True
Is 44880 a multiple of 60?
True
Does 14 divide 4904164?
False
Is 514 a factor of 6940003?
False
Is 234 a factor of 3225638?
False
Is 1607742 a multiple of 38?
True
Is 33350 a multiple of 46?
True
Is 7 a factor of 1695848?
True
Does 926 divide 5658786?
True
Is 12240176 a multiple of 83?
True
Does 1002 divide 4127238?
True
Is 1435308 a multiple of 49?
True
Is 89 a factor of 7169712?
False
Is 679273 a multiple of 461?
False
Is 26400 a multiple of 100?
True
Is 233 a factor of 241621?
True
Is 28 a factor of 762272?
True
Does 4 divide 493592?
True
Is 243461 a multiple of 65?
False
Is 374909 a multiple of 67?
False
Is 14 a factor of 1460718?
True
Does 13 divide 8702239?
True
Does 415 divide 3523350?
True
Is 43440 a multiple of 45?
False
Is 357238 a multiple of 52?
False
Does 282 divide 2055548?
False
Is 7 a factor of 95844?
True
Is 50 a factor of 210350?
True
Does 135 divide 1337580?
True
Does 16 divide 3009184?
True
Is 213 a factor of 15210592?
False
Does 336 divide 577065?
False
Does 335 divide 113317?
False
Is 103276 a multiple of 9?
False
Is 779277 a multiple of 7?
False
Does 170 divide 15611610?
True
Is 2901813 a multiple of 57?
True
Is 16143 a multiple of 4?
False
Is 13 a factor of 812249?
False
Is 30 a factor of 2499490?
False
Is 308036 a multiple of 53?
True
Does 145 divide 71611?
False
Is 136 a factor of 314565?
False
Is 99 a factor of 473283?
False
Does 467 divide 28954?
True
Does 18 divide 332856?
True
Is 7 a factor of 490064?
False
Is 38 a factor of 409374?
True
Does 25 divide 423698?
False
Does 82 divide 162375?
False
Does 21 divide 4735794?
True
Is 74793 a multiple of 321?
True
Is 130 a factor of 1399580?
True
Is 224 a factor of 1195712?
True
Does 13 divide 98903?
False
Does 561 divide 318648?
True
Is 1076045 a multiple of 885?
False
Does 42 divide 2054858?
False
Is 578669 a multiple of 13?
True
Is 6984184 a multiple of 7?
False
Is 296845 a multiple of 409?
False
Is 1156331 a multiple of 11?
True
Does 3 divide 831885?
True
Is 562289 a multiple of 13?
True
Is 6 